 (6 + 8 - 6). Let a(k) = -24*k + 55. What is the tens digit of a(f)?
7
Let d be (6/(-7))/((-3)/21). Suppose -3*y + d*y = 5*c + 575, 5*y = 5*c + 945. Let q = y + -42. What is the tens digit of q?
4
Suppose 0 = -2*h + 4*p + 24298, 4*p + 184 = 204. What is the thousands digit of h?
2
Suppose -6*f = -0*f - 1212. Suppose 6*q - 1468 = -f. What is the hundreds digit of q?
2
What is the units digit of ((-1576)/(-5))/(16/360)?
2
Suppose 0 = 21*q - 76730 - 97423. What is the thousands digit of q?
8
Suppose 20*a = 34378 + 15862. What is the units digit of a?
2
Suppose 1238 + 12089 = 5*z + 2*d, d = -4. What is the thousands digit of z?
2
Suppose -4*c - s = -14730, 0 = -s + 2. What is the hundreds digit of c?
6
Suppose 171*l + 10950 = 177*l. Let h = -1227 + l. What is the hundreds digit of h?
5
Suppose 5*x - 8*x + 33 = 0. Suppose -j - 17 = -4*a, -j + x = a + j. What is the hundreds digit of 0 + a + (-540)/(-2)?
2
Let i(z) = -3*z. Let n be i(10). Suppose g - 4*x - 10 = 0, 3*g = 5*x - 2*x - 15. What is the units digit of (2 - (-18)/g) + (-114)/n?
4
Let v(j) = 2*j**2 + 6*j + 20. Let f(y) = -2*y**3 + 20*y**2 - 19*y + 33. Let a be f(9). What is the units digit of v(a)?
6
Let o(c) = -c + 0*c - c - 4 - 11. Let j be 6/9 + (-52)/6. What is the units digit of o(j)?
1
Suppose -2016 = -4*z + s, 3*z + s = -s + 1512. Suppose 0*j = -4*j - z. Let i = j + 238. What is the units digit of i?
2
Suppose -11*i + 15*i = 3*z - 135228, -i - 225346 = -5*z. What is the units digit of z?
8
Let g(y) = 15*y**3 + 5*y**2 - 11*y - 29. What is the hundreds digit of g(6)?
3
Let n = -452 + 1044. Suppose 2*c = 3*m + n, -34*c + 2*m = -37*c + 914. What is the units digit of c?
2
Let b = -56 + 60. Suppose b*i - 31 = 153. Let p = i - -85. What is the hundreds digit of p?
1
Let g = -2840 - -15072. What is the ten thousands digit of g?
1
Suppose 0 = 38*v - 3*v - 35618 - 35992. What is the hundreds digit of v?
0
Suppose 253*l = 183*l + 630630. What is the hundreds digit of l?
0
Suppose 0 = 2*i + 5*r - 15198, 0 = -18*r + 15*r. Suppose i = 5*w - 2*l, 3*l = -21*w + 19*w + 3032. What is the units digit of w?
9
Suppose 151*t + 2*z = 150*t + 1967, t - 3*z - 1952 = 0. What is the thousands digit of t?
1
Let g(s) = 74*s**2 - 636*s - 126. What is the thousands digit of g(-23)?
3
Suppose -49*f + 507476 = -697087 + 255629. What is the hundreds digit of f?
3
Suppose -46*j - 64992 = -49*j + 4*v, -2*j + 3*v + 43330 = 0. What is the units digit of j?
6
Let n = -78 - -89. Suppose n*w = 13 + 53. What is the units digit of (3 + 101)*3/w?
2
Let k = -57150 + 117782. What is the hundreds digit of k?
6
What is the hundreds digit of (2921 + 0)/(((-150)/20)/(-15))?
8
Let r(v) = -366*v + 14. Suppose 16 = 190*d - 194*d. What is the units digit of r(d)?
8
Let b(n) = -2*n + 43. Let x be (-6)/(-2)*40/(-12). Let g = x - -10. What is the tens digit of b(g)?
4
Suppose -3*g = 2*n - 7, n - 3*g = -n + 1. Let s be 12*(66/(-84) - n/(-7)). What is the units digit of (-620)/s*30/20?
5
Let p = 26515 + -14524. What is the thousands digit of p?
1
Suppose -r + 11 = -14. Let t = -22 + r. Let h(i) = 10*i**2 + i + 7. What is the tens digit of h(t)?
0
Let c(i) = i**3 + 2*i**2 - 2*i + 201. Let w be c(0). Let h = 85 + w. What is the tens digit of h?
8
Let z(a) = 5*a**2 - 6*a + 2. Let u be z(7). Suppose u = t - 103. What is the units digit of t?
8
Suppose -12 = -m + 12*v - 16*v, -3*m = -v + 3. Suppose 3*j + m*q = -5*q + 1085, q + 1439 = 4*j. What is the hundreds digit of j?
3
What is the tens digit of 19/(19/(-546))*4719/(-99)?
2
Suppose 0 = -52*p + 13*p + 7605. Let q = 771 - p. What is the units digit of q?
6
What is the thousands digit of (1056587/441*6/1)/((-2)/(-6))?
3
Let l(o) = 5*o**2 + 66*o - 7647. What is the thousands digit of l(-141)?
2
Let k(d) = -d**2 - 3*d - 1378. Let r be k(0). Let y = r - -2371. What is the units digit of y?
3
Suppose 5*z = 4*w - 77, -8 = -3*w - 5*z + 41. Let g = 15 - w. What is the tens digit of ((-3)/2)/(g - 3582/(-1200))?
0
Let u = 3 - 1. Let n(x) be the first derivative of 28*x**3/3 - x**2/2 - 4*x - 283. What is the units digit of n(u)?
6
Let k(n) be the third derivative of 43*n**5/60 - n**4/8 - n**3/2 + 68*n**2. What is the hundreds digit of k(-4)?
6
Suppose -14*q + 846 + 386 = 0. Suppose q*z = 90*z - 1716. What is the units digit of z?
8
Suppose -3*k = 4*y + 5 - 32, -5*k + 16 = -3*y. Let b = 2 - -2. Suppose -101 = -0*m - 5*m - y*v, -b*m + v + 91 = 0. What is the units digit of m?
2
Suppose 4*b - 95572 = -4*d, 135*d = 4*b + 133*d - 95578. What is the tens digit of b?
9
Let f(k) = k + 19*k**2 - 3*k**2 + 13*k**2 - 8*k**2 + 1. Let b be ((-4 - -4) + -1)*2. What is the units digit of f(b)?
3
Let t = 20 + -9. Suppose t*f = f + 50. Suppose -f*i = -4*i - 134. What is the units digit of i?
4
Suppose 0 = s + 4*s - 10. Suppose 5*z + 123 = -m, -s*m - 270 + 52 = 3*z. Let i = m - -162. What is the units digit of i?
9
Suppose -96532*k + 96552*k - 176180 = 0. What is the hundreds digit of k?
8
Let y(k) = k**3 - 104*k**2 + 358*k + 465. What is the ten thousands digit of y(104)?
3
Suppose 10 = 5*q, 4*q = 3*o - 0*o + 2549. Let t be (o/21 + 1)/(2/(-6)). Suppose 1 = -3*p + t. What is the tens digit of p?
3
Let c(d) = -4*d**3 - 12*d**2 + 20*d - 20. Let a(y) = 3*y**3 - y. Let l(q) = 2*a(q) + c(q). What is the hundreds digit of l(11)?
3
Let r(i) = -16 - 11*i + 30 - i**2 + 21. Let g be r(-12). Suppose g = 2*k + 2*l - 33, -5*k = -5*l - 130. What is the tens digit of k?
2
Let i(l) = -7*l**2 + 11*l - 38. Let f be i(10). Let a = f - -802. What is the units digit of a?
4
Suppose 4000 = 12*c - 1148. Suppose -7*w + 271 = -c. What is the tens digit of w?
0
What is the tens digit of 60/140*-21 - -41837?
2
Let y(t) = -t**3 + 3*t**2 + t - 3. Let o be y(3). Let a be 7*(o + 15 + 1). What is the units digit of (3/6)/(4/a)?
4
Let s(g) = 3*g**2 + 1. Let a be s(1). Suppose -5*r - a*b + 20 = -2, -4*r + 5*b + 34 = 0. Suppose r*t - 13 - 41 = 0. What is the units digit of t?
9
Suppose 2*y - 12 = -4*y. Suppose 2*q = 5*k - 29, -k + y = q - 1. What is the units digit of ((-12)/q)/(3/39)?
8
Let t(h) = 4*h**3 - 4*h**2 + 2*h + 2. Let k be t(2). Suppose k = -3*b - 26. What is the tens digit of (-3)/4 - (2 - (-1148)/b)?
6
Suppose 2*o - 2104 = 3*l + 10591, 3*o - 5*l - 19041 = 0. What is the thousands digit of o?
6
Suppose -250*m + 8626581 = -1829419. What is the tens digit of m?
2
Let r = 8456 + 11221. What is the units digit of r?
7
Let q(y) = -y**2 + 75*y - 238. Let n be 47 - (-8 + 3 + 2). What is the hundreds digit of q(n)?
0
Suppose -2*l = -z + 14660, 0 = -2*z - 3*l + 14782 + 14510. What is the tens digit of z?
5
Let l(v) = -v**3 - 9*v**2 + 8*v - 51. Let i be l(-10). Let s = i + 1147. What is the hundreds digit of s?
1
Let u(v) = v**2 - 80*v + 369. What is the ten thousands digit of u(149)?
1
Let u(a) = 204*a - 12. Let i = -52 - -53. What is the tens digit of u(i)?
9
Let m = 72 + -42. Suppose m*o - 3570 = 27*o. What is the units digit of (-4)/(-6) + o/15?
0
Let l = 24237 + -1759. What is the units digit of l?
8
Let w(z) = -z**3 - 11*z**2 - 17*z + 14. Let y(b) = 2*b - 23. Let o be y(7). Let n be w(o). Suppose n*i = 3*i + 174. What is the tens digit of i?
8
Let y = 111 + -103. Let f(w) = 9*w + 18. What is the tens digit of f(y)?
9
Let p = -596 + 1393. Let c = p - -505. What is the thousands digit of c?
1
Let h(x) be the second derivative of 19*x**4/12 + x**3/6 - x**2 - 15*x. Let m = -31 - -29. What is the tens digit of h(m)?
7
Suppose -49*x - 103*x + 22072 = -41464. What is the hundreds digit of x?
4
Let v = 8915 + -4851. What is the hundreds digit of v?
0
Let k(c) = c**3 - 19*c**2 + 109*c - 58. What is the units digit of k(6)?
8
Suppose 0 = w + 2*a + 6, a + 2 = -3*w + 2*w. Suppose 0 = -5*y + 5*u + 150, 5*y + 11*u = 12*u + 142. What is the units digit of ((-729)/w)/3*y/(-42)?
1
Suppose 245*u + 3*l - 30954 = 242*u, 30996 = 3*u - 3*l. What is the tens digit of u?
2
Suppose 3*u + 4*w = -28, -3*w + 29 = 10*u - 14*u. What is the hundreds digit of u/(-2) - 7/((-42)/3048)?
5
Suppose -706 = -4*t - 2890. Let m = t - -771. What is the hundreds digit of m?
2
Suppose -4*n + 6751 = -13*d + 8*d, 0 = -2*n + 4*d + 3380. Suppose 7*q - 598 = n. What is the hundreds digit of q?
3
Suppose 5*p - 116322 = 2*c, 3*p - 69762 = -32*c + 28*c. What is the thousands digit of p?
3
Suppose